{"id":897,"date":"2017-06-16T12:05:17","date_gmt":"2017-06-16T10:05:17","guid":{"rendered":"http:\/\/asso-ocytocines.com\/fr\/?page_id=897"},"modified":"2021-08-25T21:21:08","modified_gmt":"2021-08-25T19:21:08","slug":"quest-ce-que-cest","status":"publish","type":"page","link":"http:\/\/asso-ocytocines.com\/fr\/quest-ce-que-cest\/","title":{"rendered":"P\u00e9dagogie, d\u00e9roulement, m\u00e9thode&#8230;"},"content":{"rendered":"<p>&nbsp;<\/p>\n<p><span style=\"color: #ff00ff;\"><strong>* Vous avez un projet perso ou pro et vous souhaitez \u00eatre accompagn\u00e9<\/strong><\/span><br \/>\n<span style=\"color: #ff00ff;\"><strong>* Vous souhaitez enrichir votre voix et votre cr\u00e9ativit\u00e9 vocale<\/strong><\/span><br \/>\n<span style=\"color: #ff00ff;\"><strong>*\u00a0<\/strong><\/span><strong style=\"color: #ff00ff;\">Vous avez besoin d&rsquo;une boite \u00e0 outils adapt\u00e9e \u00e0 votre pratique vocale<\/strong><br \/>\n<span style=\"color: #ff00ff;\"><strong>*\u00a0<\/strong><\/span><strong style=\"color: #ff00ff;\">Vous d\u00e9butez totalement et vous avez envie de d\u00e9couvrir votre voix<\/strong><br \/>\n<span style=\"color: #ff00ff;\"><strong>* Vous \u00eates chanteur, com\u00e9dien, orateur, po\u00e8te, &#8230;, et vous voulez approfondir votre technique vocale<br \/>\n<\/strong><\/span><\/p>\n<p><strong>Ces cours et stages s&rsquo;adressent \u00e0 la fois aux chanteurs et chanteuses amateurs ou professionnels et aux personnes utilisant leur voix dans leur m\u00e9tier (Com\u00e9dien, orateurs, po\u00e8tes&#8230;)<\/strong><\/p>\n<p>Cette technique est une <strong><span style=\"color: #ff00ff;\">approche, \u00e0 la fois ludique et profonde<\/span><\/strong>, de la voix par le<strong><span style=\"color: #ff00ff;\"> trajet du son dans le corps (proprioception)<\/span><\/strong>.<br \/>\n<span style=\"font-size: 14pt;\"><strong><span style=\"color: #ff00ff;\">Exploration-d\u00e9couverte de SA VOIX<\/span><\/strong><\/span>, dans une <strong><span style=\"color: #ff00ff;\">d\u00e9marche d&rsquo;authenticit\u00e9<\/span><\/strong>, au travers des<span style=\"font-size: 14pt; color: #ff00ff;\"><strong> exercices pratiques et corporels<\/strong><\/span> :<\/p>\n<p style=\"text-align: center;\"><span style=\"font-size: 12pt; color: #800080;\">Larynx, r\u00e9sonateurs, respiration, verrous corporels, timbre, styles, pr\u00e9sence, gestion du trac et des \u00e9motions limitantes, puissance vocale naturelle, justesse et \u00e9coute, explorations pour venir nourrir sa palette vocale &#8230;<\/span><\/p>\n<p><span style=\"font-size: 12pt; color: #000000;\">Dans un cadre <strong><span style=\"color: #ff00ff; font-size: 14pt;\">p\u00e9dagogique bienveillant et positif<\/span><\/strong>\u00a0fond\u00e9 sur une <strong><span style=\"font-size: 14pt; color: #ff00ff;\">p\u00e9dagogie active<\/span><\/strong> qui place\u00a0<span style=\"color: #ff00ff;\">l\u2019apprenant au c\u0153ur de son processus d\u2019apprentissage<\/span>\u00a0et au service de son projet.<\/span><\/p>\n<p>&nbsp;<\/p>\n<p><span style=\"font-size: 18pt;\"><strong>D\u00e9roulement d&rsquo;une s\u00e9ance individuelle:<\/strong><\/span><br \/>\n<strong>Les s\u00e9ances<\/strong> commencent par un <span style=\"color: #ff00ff;\"><strong>temps d&rsquo;\u00e9change-bilan<\/strong><\/span>, puis un temps de <span style=\"color: #ff00ff;\"><strong>pratique adapt\u00e9es aux besoins<\/strong><\/span>. Dans un premier temps<strong><span style=\"color: #ff00ff;\"> lib\u00e9rer les blocages<\/span><\/strong>, pour ensuite <span style=\"font-size: 14pt;\"><strong><span style=\"color: #ff00ff;\">explorer les possibles vocaux<\/span><\/strong><\/span>, que chacun \u00e0 en soi (voix parl\u00e9e ou chant\u00e9e).<br \/>\nCette m\u00e9thode p\u00e9dagogique est diff\u00e9rente de ce que l\u2019on trouve en r\u00e8gle g\u00e9n\u00e9rale en cours de chant ou de voix, nous abordons la voix par des <span style=\"color: #ff00ff;\"><strong>explorations corporelles<\/strong><\/span> et des <strong><span style=\"color: #ff00ff;\">exercices pratiques cibl\u00e9s<\/span><\/strong> qui font sortir de mental et <span style=\"font-size: 14pt;\"><strong><span style=\"color: #ff00ff;\">oser SA voix<\/span><\/strong><\/span>.<\/p>\n<p>Les s\u00e9ances individuelles sont destin\u00e9es \u00e0 tous, elles peuvent \u00eatre l&rsquo;occasion de <span style=\"font-size: 14pt; color: #ff00ff;\"><strong>lib\u00e9rer un blocage<\/strong><\/span>, de<strong> nourrir sa palette vocale<\/strong>, <span style=\"color: #ff00ff;\"><strong><span style=\"font-size: 12pt;\">\u00e9quilibrer son geste vocal<\/span><\/strong><\/span>\u00a0,\u00a0 d&rsquo;<strong>accompagner un projet sp\u00e9cifique pour des amateurs, des professionnels, des chanteurs, com\u00e9diens, po\u00e8tes ou personnes qui utilisent leur voix dans leur m\u00e9tier&#8230;<\/strong><\/p>\n<p>Les s\u00e9ances individuelles durent environs 1h15.<\/p>\n<p>&nbsp;<\/p>\n<p><span style=\"font-size: 18pt;\"><strong>D\u00e9roulement d&rsquo;une s\u00e9ance collective :<\/strong><\/span><\/p>\n<ul>\n<li><strong><span style=\"color: #ff00ff;\">Accueil<\/span><\/strong>, m\u00e9t\u00e9o int\u00e9rieure, ancrage, mini-m\u00e9ditation, jeux \u00ab\u00a0brise glace\u00a0\u00bb&#8230;<\/li>\n<li><span style=\"color: #ff00ff;\"><strong>\u00c9chauffement<\/strong><\/span> corporel et vocal<\/li>\n<li><span style=\"color: #ff00ff;\"><strong>Explorations et exercices pratiques<\/strong><\/span> pour approfondir un ou deux axes durant la s\u00e9ance :\u00a0Larynx, r\u00e9sonateurs, respiration, verrous corporels, timbre, styles, pr\u00e9sence, gestion du trac et des \u00e9motions limitantes, puissance vocale naturelle, justesse et \u00e9coute, exploration pour venir nourrir sa palette vocale &#8230;<\/li>\n<li><span style=\"color: #ff00ff;\"><strong>Un temps d&rsquo;application<\/strong><\/span> : chants de groupe polyphonies, chants \u00e0 plusieurs voix, improvisation vocale guid\u00e9e, chant individuel et interpr\u00e9tation. Coaching vocal solo devant le groupe dans un contexte bienveillant.<\/li>\n<li><span style=\"color: #ff00ff;\"><strong>un temps de retours<\/strong><\/span> en fin de s\u00e9ance<\/li>\n<\/ul>\n<p>&nbsp;<\/p>\n<p><span style=\"font-size: 18pt;\"><strong>Qui suis-je ?<\/strong><\/span><br \/>\n<a href=\"http:\/\/asso-ocytocines.com\/fr\/wp-content\/uploads\/2017\/06\/001.jpg\"><img loading=\"lazy\" decoding=\"async\" class=\"size-medium wp-image-916 alignleft\" src=\"http:\/\/asso-ocytocines.com\/fr\/wp-content\/uploads\/2017\/06\/001-300x300.jpg\" alt=\"\" width=\"300\" height=\"300\" srcset=\"http:\/\/asso-ocytocines.com\/fr\/wp-content\/uploads\/2017\/06\/001-300x300.jpg 300w, http:\/\/asso-ocytocines.com\/fr\/wp-content\/uploads\/2017\/06\/001-150x150.jpg 150w, http:\/\/asso-ocytocines.com\/fr\/wp-content\/uploads\/2017\/06\/001.jpg 479w\" sizes=\"auto, (max-width: 300px) 100vw, 300px\" \/><\/a><span style=\"font-size: 14pt;\"><strong>Laetitia Dhainault, professeur VOIX &amp; CHANT, Technique Vocale Corporelle et Sensorielle<\/strong> <span style=\"font-size: 12pt;\">suivant les approches \u00ab\u00a0Chant Voix et Corps\u00a0\u00bb d&rsquo;Emmanuelle Trinquesse* et \u00ab\u00a0p\u00e9dagogue de la Voix\u00a0\u00bb de Morgane Tr\u00e9heux.<\/span><\/span><\/p>\n<p>* dipl\u00f4m\u00e9e professeur de Technique Vocale et de Chant &#8211; Tire RNCP niveau 2<\/p>\n<p>\u00a0\u00bb Je suis auteur, compositeur, interpr\u00e8te (Rime-L), professeur de Chant et de Technique Vocale et Coach Vocal. Je donne des cours de Technique Vocale Corporelle et Sensorielle , en cours individuels et collectifs au <a href=\"http:\/\/clap-lodeve.com\">CLAP<\/a> \u00e0 Lod\u00e8ve et des stages \u00e0 Montpellier (La Gerbe) et Millau (Le Bar&rsquo;Bouille), ainsi que des stages d&rsquo;\u00e9t\u00e9.<\/p>\n<p>J\u2019ai \u00e9t\u00e9 form\u00e9e depuis 2011, vocalement dans un premier temps, puis \u00e0 la transmission par <strong>Morgane Tr\u00e9heux, Art-Th\u00e9rapeuthe de la Voix au Quai de la Voix<\/strong> \u00e0 Lod\u00e8ve (34) . J\u2019ai suivi de nombreux stages sur la Voix et notamment au <strong>Roy Hart<\/strong> avec Marianne LeTron et David Goldsworthy. Je suis dipl\u00f4m\u00e9e de la formation \u00ab Professeur de technique Vocale et de Chant \u00bb avec <strong>Emmanuelle Trinquesse \u00ab Chant, Voix &amp; Corps \u00bb<\/strong> (Dipl\u00f4me Bac+3 en juin 2020).<br \/>\nLa technique vocale que je transmets invite \u00e0 la d\u00e9couverte de notre \u00ab Corps-Instrument \u00bb au travers , \u00e0 la fois, la connaissance anatomique des m\u00e9canismes vocaux et des explorations avec des outils simples, ludiques et concrets pour d\u00e9couvrir et apprendre un geste vocal sain (larynx, r\u00e9sonateurs, respiration, verrous corporels, gestion du mental, \u00e9coute\u2026).<\/p>\n<p>Le cadre p\u00e9dagogique que j\u2019affectionne est un cadre bienveillant et positif fond\u00e9 sur une p\u00e9dagogie active qui met l\u2019apprenant au c\u0153ur de son processus d\u2019apprentissage au service de son projet.<br \/>\nJe travaille \u00e0 la fois sur la technique vocale, l\u2019interpr\u00e9tation et l\u2019autonomie du chanteur ! La technique vocale vient soutenir et enrichir l&rsquo;univers musical de chacun, avec en application de l&rsquo;impro guid\u00e9e, des chants de groupe, du chant solo et un accompagnement vers la sc\u00e8ne pour ceux qui le souhaitent. J\u2019ai a c\u0153ur d\u2019accompagner chacun dans son projet , avec ses sp\u00e9cificit\u00e9s : partir des forces et d\u00e9velopper ensemble les qualit\u00e9s, avec pour moteur le plaisir de chanter !\u00a0\u00bb<\/p>\n<p>&nbsp;<\/p>\n<p><em>Je peux faire des<strong> <a href=\"http:\/\/asso-ocytocines.com\/fr\/category\/voix\/\">ateliers<\/a><\/strong>, <a href=\"http:\/\/asso-ocytocines.com\/fr\/category\/stages-ocytocines-lodeve-voix-corps\/\"><strong>stages<\/strong><\/a>, <strong><a href=\"http:\/\/asso-ocytocines.com\/fr\/cours-individuel-voix-chant\/\">cours individuels<\/a><\/strong>, sur mon lieu de travail ou sur demande.<br \/>\n<\/em><\/p>\n<p><a href=\"http:\/\/asso-ocytocines.com\/fr\/wp-content\/uploads\/2016\/10\/1536566_10152164024714218_532835638_n-_1024x768__1-1024x768.jpg\"><img loading=\"lazy\" decoding=\"async\" class=\"alignnone size-medium wp-image-1044\" src=\"http:\/\/asso-ocytocines.com\/fr\/wp-content\/uploads\/2016\/10\/1536566_10152164024714218_532835638_n-_1024x768__1-1024x768-200x300.jpg\" alt=\"\" width=\"200\" height=\"300\" srcset=\"http:\/\/asso-ocytocines.com\/fr\/wp-content\/uploads\/2016\/10\/1536566_10152164024714218_532835638_n-_1024x768__1-1024x768-200x300.jpg 200w, http:\/\/asso-ocytocines.com\/fr\/wp-content\/uploads\/2016\/10\/1536566_10152164024714218_532835638_n-_1024x768__1-1024x768.jpg 512w\" sizes=\"auto, (max-width: 200px) 100vw, 200px\" \/><\/a> <a href=\"http:\/\/asso-ocytocines.com\/fr\/wp-content\/uploads\/2016\/10\/69013_392255704179155_486337633_n-_1024x768__1-1024x768.jpg\"><img loading=\"lazy\" decoding=\"async\" class=\"alignnone size-medium wp-image-1043\" src=\"http:\/\/asso-ocytocines.com\/fr\/wp-content\/uploads\/2016\/10\/69013_392255704179155_486337633_n-_1024x768__1-1024x768-200x300.jpg\" alt=\"\" width=\"200\" height=\"300\" srcset=\"http:\/\/asso-ocytocines.com\/fr\/wp-content\/uploads\/2016\/10\/69013_392255704179155_486337633_n-_1024x768__1-1024x768-200x300.jpg 200w, http:\/\/asso-ocytocines.com\/fr\/wp-content\/uploads\/2016\/10\/69013_392255704179155_486337633_n-_1024x768__1-1024x768.jpg 512w\" sizes=\"auto, (max-width: 200px) 100vw, 200px\" \/><\/a><\/p>\n<p><span style=\"font-size: 18pt;\"><strong><a href=\"http:\/\/asso-ocytocines.com\/fr\/category\/voix\/\">VOIR TOUS LES ATELIERS PROPOSES ! <\/a><\/strong><\/span><\/p>\n<p>&nbsp;<\/p>\n","protected":false},"excerpt":{"rendered":"<p>&nbsp; * Vous avez un projet perso ou pro et vous souhaitez \u00eatre accompagn\u00e9 * Vous souhaitez enrichir votre voix et votre cr\u00e9ativit\u00e9 vocale *\u00a0Vous avez besoin d&rsquo;une boite \u00e0 outils adapt\u00e9e \u00e0 votre pratique vocale *\u00a0Vous d\u00e9butez totalement et &hellip; <a href=\"http:\/\/asso-ocytocines.com\/fr\/quest-ce-que-cest\/\">Lire la suite\u00ad\u00ad<\/a><\/p>\n","protected":false},"author":1,"featured_media":0,"parent":0,"menu_order":0,"comment_status":"closed","ping_status":"closed","template":"","meta":{"kt_blocks_editor_width":"","footnotes":""},"class_list":["post-897","page","type-page","status-publish","hentry"],"_links":{"self":[{"href":"http:\/\/asso-ocytocines.com\/fr\/wp-json\/wp\/v2\/pages\/897","targetHints":{"allow":["GET"]}}],"collection":[{"href":"http:\/\/asso-ocytocines.com\/fr\/wp-json\/wp\/v2\/pages"}],"about":[{"href":"http:\/\/asso-ocytocines.com\/fr\/wp-json\/wp\/v2\/types\/page"}],"author":[{"embeddable":true,"href":"http:\/\/asso-ocytocines.com\/fr\/wp-json\/wp\/v2\/users\/1"}],"replies":[{"embeddable":true,"href":"http:\/\/asso-ocytocines.com\/fr\/wp-json\/wp\/v2\/comments?post=897"}],"version-history":[{"count":25,"href":"http:\/\/asso-ocytocines.com\/fr\/wp-json\/wp\/v2\/pages\/897\/revisions"}],"predecessor-version":[{"id":2267,"href":"http:\/\/asso-ocytocines.com\/fr\/wp-json\/wp\/v2\/pages\/897\/revisions\/2267"}],"wp:attachment":[{"href":"http:\/\/asso-ocytocines.com\/fr\/wp-json\/wp\/v2\/media?parent=897"}],"curies":[{"name":"wp","href":"https:\/\/api.w.org\/{rel}","templated":true}]}}

Pédagogie, déroulement, méthode&#8230;

<p>&nbsp;</p>
<p><span style="color: #ff00ff;"><strong>* Vous avez un projet perso ou pro et vous souhaitez être accompagné</strong></span><br />
<span style="color: #ff00ff;"><strong>* Vous souhaitez enrichir votre voix et votre créativité vocale</strong></span><br />
<span style="color: #ff00ff;"><strong>* </strong></span><strong style="color: #ff00ff;">Vous avez besoin d&rsquo;une boite à outils adaptée à votre pratique vocale</strong><br />
<span style="color: #ff00ff;"><strong>* </strong></span><strong style="color: #ff00ff;">Vous débutez totalement et vous avez envie de découvrir votre voix</strong><br />
<span style="color: #ff00ff;"><strong>* Vous êtes chanteur, comédien, orateur, poète, &#8230;, et vous voulez approfondir votre technique vocale<br />
</strong></span></p>
<p><strong>Ces cours et stages s&rsquo;adressent à la fois aux chanteurs et chanteuses amateurs ou professionnels et aux personnes utilisant leur voix dans leur métier (Comédien, orateurs, poètes&#8230;)</strong></p>
<p>Cette technique est une <strong><span style="color: #ff00ff;">approche, à la fois ludique et profonde</span></strong>, de la voix par le<strong><span style="color: #ff00ff;"> trajet du son dans le corps (proprioception)</span></strong>.<br />
<span style="font-size: 14pt;"><strong><span style="color: #ff00ff;">Exploration-découverte de SA VOIX</span></strong></span>, dans une <strong><span style="color: #ff00ff;">démarche d&rsquo;authenticité</span></strong>, au travers des<span style="font-size: 14pt; color: #ff00ff;"><strong> exercices pratiques et corporels</strong></span> :</p>
<p style="text-align: center;"><span style="font-size: 12pt; color: #800080;">Larynx, résonateurs, respiration, verrous corporels, timbre, styles, présence, gestion du trac et des émotions limitantes, puissance vocale naturelle, justesse et écoute, explorations pour venir nourrir sa palette vocale &#8230;</span></p>
<p><span style="font-size: 12pt; color: #000000;">Dans un cadre <strong><span style="color: #ff00ff; font-size: 14pt;">pédagogique bienveillant et positif</span></strong> fondé sur une <strong><span style="font-size: 14pt; color: #ff00ff;">pédagogie active</span></strong> qui place <span style="color: #ff00ff;">l’apprenant au cœur de son processus d’apprentissage</span> et au service de son projet.</span></p>
<p>&nbsp;</p>
<p><span style="font-size: 18pt;"><strong>Déroulement d&rsquo;une séance individuelle:</strong></span><br />
<strong>Les séances</strong> commencent par un <span style="color: #ff00ff;"><strong>temps d&rsquo;échange-bilan</strong></span>, puis un temps de <span style="color: #ff00ff;"><strong>pratique adaptées aux besoins</strong></span>. Dans un premier temps<strong><span style="color: #ff00ff;"> libérer les blocages</span></strong>, pour ensuite <span style="font-size: 14pt;"><strong><span style="color: #ff00ff;">explorer les possibles vocaux</span></strong></span>, que chacun à en soi (voix parlée ou chantée).<br />
Cette méthode pédagogique est différente de ce que l’on trouve en règle générale en cours de chant ou de voix, nous abordons la voix par des <span style="color: #ff00ff;"><strong>explorations corporelles</strong></span> et des <strong><span style="color: #ff00ff;">exercices pratiques ciblés</span></strong> qui font sortir de mental et <span style="font-size: 14pt;"><strong><span style="color: #ff00ff;">oser SA voix</span></strong></span>.</p>
<p>Les séances individuelles sont destinées à tous, elles peuvent être l&rsquo;occasion de <span style="font-size: 14pt; color: #ff00ff;"><strong>libérer un blocage</strong></span>, de<strong> nourrir sa palette vocale</strong>, <span style="color: #ff00ff;"><strong><span style="font-size: 12pt;">équilibrer son geste vocal</span></strong></span> ,  d&rsquo;<strong>accompagner un projet spécifique pour des amateurs, des professionnels, des chanteurs, comédiens, poètes ou personnes qui utilisent leur voix dans leur métier&#8230;</strong></p>
<p>Les séances individuelles durent environs 1h15.</p>
<p>&nbsp;</p>
<p><span style="font-size: 18pt;"><strong>Déroulement d&rsquo;une séance collective :</strong></span></p>
<ul>
<li><strong><span style="color: #ff00ff;">Accueil</span></strong>, météo intérieure, ancrage, mini-méditation, jeux « brise glace »&#8230;</li>
<li><span style="color: #ff00ff;"><strong>Échauffement</strong></span> corporel et vocal</li>
<li><span style="color: #ff00ff;"><strong>Explorations et exercices pratiques</strong></span> pour approfondir un ou deux axes durant la séance : Larynx, résonateurs, respiration, verrous corporels, timbre, styles, présence, gestion du trac et des émotions limitantes, puissance vocale naturelle, justesse et écoute, exploration pour venir nourrir sa palette vocale &#8230;</li>
<li><span style="color: #ff00ff;"><strong>Un temps d&rsquo;application</strong></span> : chants de groupe polyphonies, chants à plusieurs voix, improvisation vocale guidée, chant individuel et interprétation. Coaching vocal solo devant le groupe dans un contexte bienveillant.</li>
<li><span style="color: #ff00ff;"><strong>un temps de retours</strong></span> en fin de séance</li>
</ul>
<p>&nbsp;</p>
<p><span style="font-size: 18pt;"><strong>Qui suis-je ?</strong></span><br />
<a href="http://asso-ocytocines.com/fr/wp-content/uploads/2017/06/001.jpg"><img loading="lazy" decoding="async" class="size-medium wp-image-916 alignleft" src="http://asso-ocytocines.com/fr/wp-content/uploads/2017/06/001-300x300.jpg" alt="" width="300" height="300" srcset="http://asso-ocytocines.com/fr/wp-content/uploads/2017/06/001-300x300.jpg 300w, http://asso-ocytocines.com/fr/wp-content/uploads/2017/06/001-150x150.jpg 150w, http://asso-ocytocines.com/fr/wp-content/uploads/2017/06/001.jpg 479w" sizes="auto, (max-width: 300px) 100vw, 300px" /></a><span style="font-size: 14pt;"><strong>Laetitia Dhainault, professeur VOIX &amp; CHANT, Technique Vocale Corporelle et Sensorielle</strong> <span style="font-size: 12pt;">suivant les approches « Chant Voix et Corps » d&rsquo;Emmanuelle Trinquesse* et « pédagogue de la Voix » de Morgane Tréheux.</span></span></p>
<p>* diplômée professeur de Technique Vocale et de Chant &#8211; Tire RNCP niveau 2</p>
<p> » Je suis auteur, compositeur, interprète (Rime-L), professeur de Chant et de Technique Vocale et Coach Vocal. Je donne des cours de Technique Vocale Corporelle et Sensorielle , en cours individuels et collectifs au <a href="http://clap-lodeve.com">CLAP</a> à Lodève et des stages à Montpellier (La Gerbe) et Millau (Le Bar&rsquo;Bouille), ainsi que des stages d&rsquo;été.</p>
<p>J’ai été formée depuis 2011, vocalement dans un premier temps, puis à la transmission par <strong>Morgane Tréheux, Art-Thérapeuthe de la Voix au Quai de la Voix</strong> à Lodève (34) . J’ai suivi de nombreux stages sur la Voix et notamment au <strong>Roy Hart</strong> avec Marianne LeTron et David Goldsworthy. Je suis diplômée de la formation « Professeur de technique Vocale et de Chant » avec <strong>Emmanuelle Trinquesse « Chant, Voix &amp; Corps »</strong> (Diplôme Bac+3 en juin 2020).<br />
La technique vocale que je transmets invite à la découverte de notre « Corps-Instrument » au travers , à la fois, la connaissance anatomique des mécanismes vocaux et des explorations avec des outils simples, ludiques et concrets pour découvrir et apprendre un geste vocal sain (larynx, résonateurs, respiration, verrous corporels, gestion du mental, écoute…).</p>
<p>Le cadre pédagogique que j’affectionne est un cadre bienveillant et positif fondé sur une pédagogie active qui met l’apprenant au cœur de son processus d’apprentissage au service de son projet.<br />
Je travaille à la fois sur la technique vocale, l’interprétation et l’autonomie du chanteur ! La technique vocale vient soutenir et enrichir l&rsquo;univers musical de chacun, avec en application de l&rsquo;impro guidée, des chants de groupe, du chant solo et un accompagnement vers la scène pour ceux qui le souhaitent. J’ai a cœur d’accompagner chacun dans son projet , avec ses spécificités : partir des forces et développer ensemble les qualités, avec pour moteur le plaisir de chanter ! »</p>
<p>&nbsp;</p>
<p><em>Je peux faire des<strong> <a href="http://asso-ocytocines.com/fr/category/voix/">ateliers</a></strong>, <a href="http://asso-ocytocines.com/fr/category/stages-ocytocines-lodeve-voix-corps/"><strong>stages</strong></a>, <strong><a href="http://asso-ocytocines.com/fr/cours-individuel-voix-chant/">cours individuels</a></strong>, sur mon lieu de travail ou sur demande.<br />
</em></p>
<p><a href="http://asso-ocytocines.com/fr/wp-content/uploads/2016/10/1536566_10152164024714218_532835638_n-_1024x768__1-1024x768.jpg"><img loading="lazy" decoding="async" class="alignnone size-medium wp-image-1044" src="http://asso-ocytocines.com/fr/wp-content/uploads/2016/10/1536566_10152164024714218_532835638_n-_1024x768__1-1024x768-200x300.jpg" alt="" width="200" height="300" srcset="http://asso-ocytocines.com/fr/wp-content/uploads/2016/10/1536566_10152164024714218_532835638_n-_1024x768__1-1024x768-200x300.jpg 200w, http://asso-ocytocines.com/fr/wp-content/uploads/2016/10/1536566_10152164024714218_532835638_n-_1024x768__1-1024x768.jpg 512w" sizes="auto, (max-width: 200px) 100vw, 200px" /></a> <a href="http://asso-ocytocines.com/fr/wp-content/uploads/2016/10/69013_392255704179155_486337633_n-_1024x768__1-1024x768.jpg"><img loading="lazy" decoding="async" class="alignnone size-medium wp-image-1043" src="http://asso-ocytocines.com/fr/wp-content/uploads/2016/10/69013_392255704179155_486337633_n-_1024x768__1-1024x768-200x300.jpg" alt="" width="200" height="300" srcset="http://asso-ocytocines.com/fr/wp-content/uploads/2016/10/69013_392255704179155_486337633_n-_1024x768__1-1024x768-200x300.jpg 200w, http://asso-ocytocines.com/fr/wp-content/uploads/2016/10/69013_392255704179155_486337633_n-_1024x768__1-1024x768.jpg 512w" sizes="auto, (max-width: 200px) 100vw, 200px" /></a></p>
<p><span style="font-size: 18pt;"><strong><a href="http://asso-ocytocines.com/fr/category/voix/">VOIR TOUS LES ATELIERS PROPOSES ! </a></strong></span></p>
<p>&nbsp;</p>

<p>&nbsp; * Vous avez un projet perso ou pro et vous souhaitez être accompagné * Vous souhaitez enrichir votre voix et votre créativité vocale * Vous avez besoin d&rsquo;une boite à outils adaptée à votre pratique vocale * Vous débutez totalement et &hellip; <a href="http://asso-ocytocines.com/fr/quest-ce-que-cest/">Lire la suite­­</a></p>
